{"id":842,"date":"2024-01-05T09:58:03","date_gmt":"2024-01-05T08:58:03","guid":{"rendered":"https:\/\/www.communicationanimalebyflo.fr\/?post_type=product&#038;p=842"},"modified":"2025-05-07T23:05:01","modified_gmt":"2025-05-07T21:05:01","slug":"bioresonance","status":"publish","type":"product","link":"https:\/\/www.communicationanimalebyflo.fr\/index.php\/produit\/bioresonance\/","title":{"rendered":"Bior\u00e9sonance"},"content":{"rendered":"<p>J\u2019utilise une machine de bior\u00e9sonance + mes techniques de soin \u00e0 distance. L\u2019objectif de mes soins est de modifier des informations dans l\u2019aura, pour apporter un mieux-\u00eatre.<\/p>\n<p>Pour qui\u00a0: humain ou animal.<\/p>\n<p>Pour quel type de probl\u00e9matique\u00a0:<\/p>\n<ul>\n<li>Probl\u00e8me \u00e9motionnel\u00a0: par exemple le sentiment d\u2019abandon<\/li>\n<li>Probl\u00e8me aig\u00fce\u00a0: douleur forte localis\u00e9e par exemple (+ facile \u00e0 mod\u00e9rer)<\/li>\n<li>Probl\u00e8me chronique\u00a0: par exemple inflammation chronique des gencives<\/li>\n<\/ul>\n<p>Temps : 5 x 2 heures. (pas les week-end sauf exception)<\/p>\n<p>Prix\u00a0: Le r\u00e8glement doit \u00eatre effectu\u00e9 pour que les s\u00e9ances puissent avoir lieu.<\/p>\n<p>Possibilit\u00e9 de paiement par site internet, Paypal, virement bancaire.<\/p>\n<p>Lieu\u00a0: \u00e0 distance.<\/p>\n<p>Informations \u00e0 me transmettre\u00a0par mail \u00e0 <a href=\"mailto:lacabyflo@gmail.com\">lacabyflo@gmail.com<\/a> :<\/p>\n<ul>\n<li>1 photo de l\u2019animal ou de l\u2019humain (la plus r\u00e9cente possible).<\/li>\n<li>Le nom, pr\u00e9nom, date de naissance.<\/li>\n<li>Le genre si cela n\u2019est pas \u00e9vident avec le pr\u00e9nom ou la photo. (m\u00e2le ou femelle)<\/li>\n<li>Le descriptif du probl\u00e8me\u00a0: depuis quand, comment \u00e7a se manifeste, qu\u2019est ce qui a \u00e9t\u00e9 l\u2019\u00e9l\u00e9ment d\u00e9clencheur selon vous.<\/li>\n<\/ul>\n<p>D\u00e9roulement de la s\u00e9ance\u00a0:<\/p>\n<ul>\n<li>On d\u00e9fini ensemble le cadencement des s\u00e9ances.<\/li>\n<li>Vous me faites un retour \u00e9crit ou par audio apr\u00e8s chaque s\u00e9ance.<\/li>\n<\/ul>\n<p>Important : ce n\u2019est pas m\u00e9dical, continuer \u00e0 prendre vos traitements ainsi que vos animaux, \u00e0 suivre les recommandations de votre docteur ou de votre v\u00e9t\u00e9rinaire.<\/p>\n<p>&nbsp;<\/p>\n<p>Pour info, j&rsquo;ai \u00e9cris un petit article sur mon site internet \u00e0 propos de la machine de bior\u00e9sonnance que j&rsquo;ai.<\/p>\n<blockquote class=\"wp-embedded-content\" data-secret=\"SJLVySE9RM\"><p><a href=\"https:\/\/www.communicationanimalebyflo.fr\/index.php\/2024\/02\/11\/frequences-aura-symptomes\/\">Fr\u00e9quences, aura, sympt\u00f4mes<\/a><\/p><\/blockquote>\n<p><iframe class=\"wp-embedded-content\" sandbox=\"allow-scripts\" security=\"restricted\" style=\"position: absolute; clip: rect(1px, 1px, 1px, 1px);\" title=\"\u00ab\u00a0Fr\u00e9quences, aura, sympt\u00f4mes\u00a0\u00bb &#8212; Communication Animale by Flo et  Trust Technique\u00ae\" src=\"https:\/\/www.communicationanimalebyflo.fr\/index.php\/2024\/02\/11\/frequences-aura-symptomes\/embed\/#?secret=ZEbqMuDJFu#?secret=SJLVySE9RM\" data-secret=\"SJLVySE9RM\" width=\"600\" height=\"338\" frameborder=\"0\" marginwidth=\"0\" marginheight=\"0\" scrolling=\"no\"><\/iframe><\/p>\n<p>&nbsp;<\/p>\n","protected":false},"excerpt":{"rendered":"<p>Vers un apaisement \u00e9motionnel et physique.<\/p>\n","protected":false},"featured_media":1440,"comment_status":"open","ping_status":"closed","template":"","meta":{"_EventAllDay":false,"_EventTimezone":"","_EventStartDate":"","_EventEndDate":"","_EventStartDateUTC":"","_EventEndDateUTC":"","_EventShowMap":false,"_EventShowMapLink":false,"_EventURL":"","_EventCost":"","_EventCostDescription":"","_EventCurrencySymbol":"","_EventCurrencyCode":"","_EventCurrencyPosition":"","_EventDateTimeSeparator":"","_EventTimeRangeSeparator":"","_EventOrganizerID":[],"_EventVenueID":0,"_OrganizerEmail":"","_OrganizerPhone":"","_OrganizerWebsite":"","_VenueAddress":"","_VenueCity":"","_VenueCountry":"","_VenueProvince":"","_VenueZip":"","_VenuePhone":"","_VenueURL":"","_VenueStateProvince":"","_VenueLat":"","_VenueLng":""},"product_cat":[28],"product_tag":[],"_links":{"self":[{"href":"https:\/\/www.communicationanimalebyflo.fr\/index.php\/wp-json\/wp\/v2\/product\/842"}],"collection":[{"href":"https:\/\/www.communicationanimalebyflo.fr\/index.php\/wp-json\/wp\/v2\/product"}],"about":[{"href":"https:\/\/www.communicationanimalebyflo.fr\/index.php\/wp-json\/wp\/v2\/types\/product"}],"replies":[{"embeddable":true,"href":"https:\/\/www.communicationanimalebyflo.fr\/index.php\/wp-json\/wp\/v2\/comments?post=842"}],"wp:featuredmedia":[{"embeddable":true,"href":"https:\/\/www.communicationanimalebyflo.fr\/index.php\/wp-json\/wp\/v2\/media\/1440"}],"wp:attachment":[{"href":"https:\/\/www.communicationanimalebyflo.fr\/index.php\/wp-json\/wp\/v2\/media?parent=842"}],"wp:term":[{"taxonomy":"product_cat","embeddable":true,"href":"https:\/\/www.communicationanimalebyflo.fr\/index.php\/wp-json\/wp\/v2\/product_cat?post=842"},{"taxonomy":"product_tag","embeddable":true,"href":"https:\/\/www.communicationanimalebyflo.fr\/index.php\/wp-json\/wp\/v2\/product_tag?post=842"}],"curies":[{"name":"wp","href":"https:\/\/api.w.org\/{rel}","templated":true}]}}